by 18362.
193
What is the remainder when 52691 is divided by 2195?
11
Calculate the remainder when 9061 is divided by 283.
5
Calculate the remainder when 1387 is divided by 1257.
130
Calculate the remainder when 24017 is divided by 24011.
6
Calculate the remainder when 12925 is divided by 97.
24
Calculate the remainder when 46712 is divided by 137.
132
Calculate the remainder when 17357 is divided by 43.
28
What is the remainder when 1678 is divided by 511?
145
Calculate the remainder when 13381 is divided by 64.
5
Calculate the remainder when 998 is divided by 46.
32
What is the remainder when 473334 is divided by 236664?
6
Calculate the remainder when 29272 is divided by 123.
121
Calculate the remainder when 74831 is divided by 16.
15
What is the remainder when 3608 is divided by 857?
180
What is the remainder when 13778 is divided by 26?
24
Calculate the remainder when 113040 is divided by 796.
8
Calculate the remainder when 218775 is divided by 32.
23
Calculate the remainder when 194072 is divided by 64685.
17
Calculate the remainder when 41067 is divided by 380.
27
What is the remainder when 24415 is divided by 23?
12
What is the remainder when 4365 is divided by 870?
15
What is the remainder when 7169 is divided by 120?
89
Calculate the remainder when 2141 is divided by 27.
8
Calculate the remainder when 269147 is divided by 33.
32
What is the remainder when 22090 is divided by 762?
754
Calculate the remainder when 3262 is divided by 37.
6
What is the remainder when 43504 is divided by 56?
48
What is the remainder when 5546 is divided by 349?
311
What is the remainder when 8879 is divided by 2717?
728
Calculate the remainder when 66377 is divided by 66329.
48
What is the remainder when 11295 is divided by 2274?
2199
Calculate the remainder when 285946 is divided by 52.
50
What is the remainder when 3319583 is divided by 604?
603
What is the remainder when 2037 is divided by 145?
7
Calculate the remainder when 1623 is divided by 464.
231
Calculate the remainder when 29646 is divided by 14821.
4
Calculate the remainder when 15007 is divided by 268.
267
Calculate the remainder when 6943 is divided by 1382.
33
Calculate the remainder when 50999 is divided by 215.
44
What is the remainder when 31862 is divided by 178?
0
Calculate the remainder when 35414 is divided by 281.
8
Calculate the remainder when 72012 is divided by 23977.
81
Calculate the remainder when 4354 is divided by 1872.
610
What is the remainder when 92046 is divided by 12?
6
Calculate the remainder when 4948675 is divided by 184.
179
What is the remainder when 164448 is divided by 79?
49
What is the remainder when 5282 is divided by 533?
485
What is the remainder when 174524 is divided by 3490?
24
What is the remainder when 81647 is divided by 173?
164
Calculate the remainder when 23148 is divided by 1347.
249
What is the remainder when 875 is divided by 147?
140
What is the remainder when 4666 is divided by 2317?
32
What is the remainder when 3810147 is divided by 7?
5
What is the remainder when 5964 is divided by 200?
164
Calculate the remainder when 11532 is divided by 5757.
18
Calculate the remainder when 119621 is divided by 7.
5
Calculate the remainder when 2501 is divided by 174.
65
What is the remainder when 3691 is divided by 20?
11
Calculate the remainder when 734558 is divided by 71.
63
What is the remainder when 318104 is divided by 45?
44
Calculate the remainder when 182956 is divided by 60978.
22
Calculate the remainder when 28668 is divided by 35.
3
Calculate the remainder when 4325309 is divided by 15.
14
Calculate the remainder when 171827 is divided by 37.
36
What is the remainder when 5722 is divided by 167?
44
Calculate the remainder when 457456 is divided by 228701.
54
Calculate the remainder when 45428 is divided by 841.
14
Calculate the remainder when 28461 is divided by 2021.
167
What is the remainder when 8161 is divided by 930?
721
Calculate the remainder when 1396 is divided by 183.
115
What is the remainder when 29313 is divided by 608?
129
Calculate the remainder when 2603 is divided by 819.
146
What is the remainder when 1252 is divided by 599?
54
What is the remainder when 28998 is divided by 9658?
24
Calculate the remainder when 33948 is divided by 267.
39
Calculate the remainder when 35442 is divided by 593.
455
Calculate the remainder when 20415 is divided by 394.
321
Calculate the remainder when 1122073 is divided by 731.
719
Calculate the remainder when 465665 is divided by 7.
4
What is the remainder when 1789629 is divided by 312?
309
Calculate the remainder when 1264581 is divided by 1034.
1033
Calculate the remainder when 39662 is divided by 672.
14
What is the remainder when 2820 is divided by 938?
6
What is the remainder when 4272 is divided by 246?
90
What is the remainder when 1569892 is divided by 392471?
8
Calculate the remainder when 15558 is divided by 63.
60
Calculate the remainder when 14041 is divided by 1603.
1217
What is the remainder when 505 is divided by 183?
139
What is the remainder when 51642 is divided by 33?
30
Calculate the remainder when 178254 is divided by 463.
462
Calculate the remainder when 2415 is divided by 20.
15
What is the remainder when 33224 is divided by 10998?
230
What is the remainder when 14168 is divided by 4698?
74
What is the remainder when 2671 is divided by 244?
231
Calculate the remainder when 1199 is divided by 28.
23
What is the remainder when 62321 is divided by 22?
17
Calculate the remainder when 8442 is divided by 195.
57
Calculate the remainder when 68994 is divided by 932.
26
What is the remainder when 5081 is divided by 396?
329
What is the remainder when 24238 is divided by 12000?
238
Calculate the remainder when 37629 is divided by 31.
26
What is the remainder when 2077 is divided by 174?
163
What is the remainder when 64559 is divided by 239?
29
What is the remainder when 903649 is divided by 97?
94
Calculate the remainder when 12827 is divided by 186.
179
What is the remainder when 7606 is divided by 2531?
13
What is the remainder when 3315982 is divided by 278?
276
What is the remainder when 26025 is divided by 241?
238
What is the remainder when 3135 is divided by 3122?
13
What is the remainder when 409592 is divided by 58?
54
Calculate the remainder when 314039 is divided by 35.
19
What is the remainder when 19905 is divided by 879?
567
Calculate the remainder when 420606 is divided by 33.
21
What is the remainder when 56243 is divided by 316?
311
Calculate the remainder when 9820 is divided by 1027.
577
What is the remainder when 127489 is divided by 63732?
25
What is the remainder when 383597 is divided by 1453?
5
Calculate the remainder when 5342 is divided by 311.
55
Calculate the remainder when 13746 is divided by 186.
168
What is the remainder when 5590 is divided by 2744?
102
Calculate the remainder when 1882 is divided by 427.
174
What is the remainder when 847 is divided by 281?
4
Calculate the remainder when 55019 is divided by 82.
79
Calculate the remainder when 227303 is divided by 44.
43
Calculate the remainder when 1255421 is divided by 14.
13
Calculate the remainder when 9517 is divided by 931.
207
What is the remainder when 4133 is divided by 53?
52
What is the remainder when 5350016 is divided by 201?
200
Calculate the remainder when 295878 is divided by 178.
42
Calculate the remainder when 29399 is divided by 169.
162
Calculate the remainder when 2014 is divided by 31.
30
What is the remainder when 782 is divided by 157?
154
Calculate the remainder when 1456987 is divided by 35536.
11
What is the remainder when 32772 is divided by 19?
16
What is the remainder when 96709 is divided by 190?
189
Calculate the remainder when 1226870 is divided by 4595.
5
Calculate the remainder when 72851 is divided by 34.
23
Calculate the remainder when 80645 is divided by 176.
37
What is the remainder when 619778 is divided by 36?
2
What is the remainder when 16122 is divided by 19?
10
What is the remainder when 2312 is divided by 1374?
938
What is the remainder when 11052 is divided by 2701?
248
Calculate the remainder when 15061 is divided by 269.
266
Calculate the remainder when 2796100 is divided by 37.
10
What is the remainder when 4361 is divided by 1452?
5
Calculate t